*p = 87 + 38. Suppose -2*f + 7*f = p. What is the units digit of f?
5
Let l = -4 - -6. Suppose -l*r - 7 + 47 = 0. Suppose -m + r = 3*m. What is the units digit of m?
5
Let s(r) = 10*r + 4. Let g be s(7). Let n = g - 51. What is the units digit of n?
3
Suppose w - 4*u = 33, -2*w + 5*u - 65 = -5*w. What is the units digit of w?
5
Suppose 0*p = 2*p - 218. Let l = p - 63. What is the tens digit of l?
4
Suppose -408 = -4*d - 2*d. What is the tens digit of d?
6
Let w(a) = a**2 - 9*a - 2. Let c be w(12). Let r = -19 + c. What is the tens digit of r?
1
Suppose 446 = 4*i + 154. Let t = -35 + i. What is the tens digit of t?
3
Suppose 55 = w + q, 0 = 5*w - 3*q - 0*q - 235. Suppose -b + 3*h = -w, 2*h = -2*b + 3*b - 45. What is the units digit of b?
5
Suppose 605 = 5*j - 3*r, 4*j + 0*j - 5*r - 484 = 0. What is the hundreds digit of j?
1
Let n = 17 + -12. Suppose -92 = -n*b + 43. What is the tens digit of b?
2
Suppose 0 = -3*j - 3*j + 24. Suppose j*b - 13 = -s, 3*s - 53 = -4*b - b. What is the units digit of s?
1
Let k be 0 + -1 - 3/(-1). What is the units digit of ((-4)/4 - k) + 21?
8
Let g = 141 - 87. Suppose 2*y - g = -2*s - 0*y, 4*s - 113 = -3*y. What is the tens digit of s?
3
Let y be (4 + -12)*(-2)/4. Suppose -2*l - m = 0, -y*l + 2*m = -l. Suppose l*d - d + 7 = 0. What is the units digit of d?
7
Let q(r) = 6*r**2 + 2*r. Let a be q(-2). Suppose -3*d = -a - 13. What is the units digit of d?
1
Let x = 38 + 10. What is the units digit of x?
8
Let c(v) = 14*v - 44. What is the units digit of c(12)?
4
Let g(p) = 2*p**2 - 5*p + 2. Let x be g(3). Suppose -3*c - 15 = -o, x*o + 19 - 68 = 2*c. Suppose -4*q + 49 = o. What is the tens digit of q?
1
Let a(k) = -k**2 + 11*k - 2. Let u be a(10). Let n be (24/(-15))/(u/(-20)). Suppose 4*t - 13 = -b + 8, -t + n = -b. What is the units digit of t?
5
Suppose 0 = -6*z + 292 + 1064. What is the units digit of z?
6
Let x(u) = -u**3 - 4*u**2 - 3*u + 2. Suppose -3*d - 13 = -4. Let j be x(d). Suppose -3*s = -j*s - 2. What is the units digit of s?
2
Suppose 0*o = -5*o - 2*z + 214, 4*z = o - 56. What is the units digit of o?
4
Suppose 3*s + d = -2*s - 4, 3*s - 4*d = 16. Suppose s = 2*z - 6*z + 12. Suppose 7*u - 12 = z*u. What is the units digit of u?
3
Suppose 0 = 3*r - 3*u - 87, 0*r - 2*r + u = -57. What is the units digit of r?
8
Let x(r) = -r**3 + 4*r**2 - 4*r + 2. Let t be x(4). Let n = 35 + t. What is the tens digit of n?
2
Let h(y) = 10*y**2 - 2*y - 8. What is the tens digit of h(-3)?
8
Suppose -4*n = -2*p - 22, -3*p = -3*n + 5 + 16. Let g = 12 - p. What is the tens digit of g?
1
Suppose 0*z = -2*z + 42. What is the units digit of 4/6*z/2?
7
Let h(a) = -a**3 + 11*a**2 + 13*a - 12. Let m be h(12). Suppose m = 3*r + 4*q - 45, 4*r - 85 = -0*q + 3*q. What is the units digit of r?
9
Let t = -44 - -78. What is the units digit of t?
4
Let d(b) = b**2 + 3*b + 2. Let a be d(-2). Suppose t + 2*t + 6 = a. What is the tens digit of 448/44 - t/(-11)?
1
What is the tens digit of ((-10)/(-8))/((-11)/(-220))?
2
Let b(k) = 3*k - 8. Suppose s - 3*l = 18, -2*l - 1 - 1 = s. Let h be b(s). Suppose -h*r + 8 = -8*r. What is the units digit of r?
4
Let a be 0 - 3 - -4 - -2. Suppose -55 = -3*q - 5*w, 0*q + a*w + 35 = 5*q. What is the units digit of q?
0
Let r = -33 - -53. What is the units digit of r?
0
Suppose 7*w - 3*w + 5*a = 49, -3*w = -2*a - 31. Let c = -3 + w. What is the units digit of c?
8
Let w be (1 + 0)/(5/45). What is the units digit of 3/w - 14/(-3)?
5
Let z(q) = -2*q - 6. Let a be z(-4). Let l = 0 - a. What is the units digit of 1 - 0 - 1*l?
3
Let y(d) = 2*d**2 - 3*d**2 + 4 + 5*d + 0 + 1. Suppose -i = -3*o - 2*o + 10, -4*i + 3*o + 11 = 0. What is the units digit of y(i)?
5
Let n be 262/1 + 0 + 2. Suppose 2*u + 0*u - n = 0. What is the units digit of 1/5 - u/(-15)?
9
Let k(g) = g**3 - 7*g**2 + 5. Let m be k(7). Suppose -6*f + 22 = -m*f. What is the units digit of f?
2
Let w be 6/4 + (-2)/(-4). Let o = -1 - -6. Suppose 4*f + 16 + 2 = w*j, 5*j + o*f = 0. What is the units digit of j?
3
Let v = -15 + 52. What is the tens digit of v?
3
Let p = 24 - 4. Let f = -14 + p. What is the units digit of f?
6
Let z be 0/(1 + 3*-1). Let b = z - 0. What is the units digit of (2 + b)/2 - -2?
3
Suppose 2*s - 15 = 11. What is the units digit of s?
3
Let w(r) = 6*r - 2. What is the units digit of w(5)?
8
Let c(k) = -31*k + 3. What is the tens digit of c(-2)?
6
Let t = -35 + 66. What is the units digit of t?
1
Let l be ((-15)/6)/((-1)/2). Let o(c) = -c**3 - 2*c**2 - 2*c + 2. Let s be o(-2). Suppose -s = 3*v - l*v. What is the units digit of v?
3
Let l be 8/(-2)*(-14)/8. Let o(h) = 5*h - 9. Let i be o(l). Suppose p + i = 3*p. What is the tens digit of p?
1
Let s(g) = -g + 3. Let j be s(-5). Let b = 9 + -11. Let o = b + j. What is the units digit of o?
6
Suppose -3*k - 9 = -0*k. What is the tens digit of (k*2)/(3/(-6))?
1
Let m(k) = 2*k**3 + k**2 - 2. What is the tens digit of m(2)?
1
Let k(l) = l**2 + l - 3. Let d be (-4)/(-8) + (-14)/4. Let m be k(d). Suppose 2*x = m*x - 1. What is the units digit of x?
1
Let m(u) = -u**3 + 11*u**2 - 6*u - 3. What is the units digit of m(5)?
7
Let k be -4 - (-1 - -1) - -7. Suppose 2*i + k*b - 27 = -0*i, 5*i = -5*b + 75. What is the tens digit of i?
1
Let k be (-27)/(-1) - (4 + -1). Suppose 2*a - k = -a. Let v = -2 + a. What is the units digit of v?
6
Let n be 1*(3 - 2)*0. Let d(x) = -x**2 + 8*x + 3. Let l be d(3). Suppose 2*w - l = -n*w. What is the units digit of w?
9
What is the units digit of -5*3/(3/(-2))?
0
Let s = 80 + -39. What is the units digit of s?
1
Let y(w) = w**2 - w + 1. Let m be y(3). Let a be (24/(-18))/(0 - 4/(-30)). What is the units digit of (a + m)/((-6)/8)?
4
Suppose 0*v - 140 = -3*v - y, 0 = 4*v + 5*y - 205. Let h = -21 + v. What is the units digit of h?
4
Let f(s) = s**2 + 8*s + 12. Let w be f(-8). Suppose r = -4*d + w, -3*d + 5*r = 2*r - 24. What is the tens digit of (d - 7)*20/(-6)?
1
Suppose -5*i + 10*i = -3*w + 96, 0 = 2*w - 3*i - 64. What is the tens digit of w?
3
What is the tens digit of -1 + 4 - (-35 + 3)?
3
Let h(b) = -b**3 - 5*b**2 + 2*b + 12. What is the tens digit of h(-6)?
3
Let s(h) = -2*h**2 + h + 6. What is the units digit of s(0)?
6
Let l = -1 - -12. Let z = 19 - l. What is the units digit of z?
8
Suppose 0*y + 6 = y. Let v be (-18)/(2/(-8)*y). Suppose -r + 0*r + v = 0. What is the units digit of r?
2
Let f(p) = -p**2 - 14*p - 12. What is the units digit of f(-8)?
6
Let l(z) = 11*z**2 - 13*z - 2. Let u(v) = -5*v**2 + 6*v + 1. Let x(d) = 6*l(d) + 13*u(d). What is the units digit of x(1)?
2
What is the tens digit of (-56)/21*(45/4)/(-3)?
1
Let k(t) = -t**2 - 14*t. Let y be (1 - 91)*(-6)/(-12). Let u = y - -32. What is the units digit of k(u)?
3
Let z(f) = -2*f**2 + 19*f + 3. What is the tens digit of z(8)?
2
Let s(y) = -y**3 - 10*y**2 - 2*y - 1. Let z be s(-9). Let m = z + 116. What is the tens digit of m?
5
Let s = -22 - -14. Let i = 6 + 2. What is the tens digit of (-86)/s - (-2)/i?
1
Let h(s) = s**2 + 10*s - 5. Let p be h(-9). Let q = p - -28. What is the tens digit of q?
1
Let c(w) = -5*w + 6. Let f(j) = -j. Let m(l) = -c(l) + 2*f(l). Let p be m(5). Suppose -5*r + p = -11. What is the units digit of r?
4
Let f = 76 - 8. What is the units digit of f?
8
Suppose 0 = -3*n + 5*n - 20. Suppose 5*o - 12 = 4*c, c + 2*o - n = -0. What is the units digit of c?
2
Let b = 24 - -10. What is the tens digit of b?
3
Suppose -4*u - 176 = v - 2*v, -3*u = 15. What is the tens digit of v?
5
Let a be ((-3 - -7) + -3)*-1. Let o = a + 46. What is the units digit of o?
5
Suppose -217 = 9*y - 721. What is the tens digit of y?
5
Let a = -6 - -8. What is the units digit of a + (0 - 2) - -6?
6
Let g(y) = y**3 + 5*y**2 + 9*y + 7. Let t(u) = -u**3 - 4*u**2 - 10*u - 8. Let p(o) = 3*g(o) + 2*t(o). What is the units digit of p(-4)?
5
Suppose 2*w - 38 = -5*s, -4*w = -2*s + 3*s - 22. Suppose -3*i + 6 = -s. Suppose 2*m = -i + 8. What is the units digit of m?
2
Suppose 2*j = -5*b + 40, -20 + 0 = -4*b - 4*j. Let c(a) = -2*a - 2. Let o be c(-2). What is the units digit of (-3)/((-3)/b) - o?
8
Let w(v) = 2*v - v**2 + v**3 + 7 + 8*v**2 + 2*v - 3. What is the tens digit of w(-6)?
1
Suppose -61 = -5*y + 689. What is the hundreds digit of y?
1
Suppose -k - 2*k - 18 = 0. Let q = k - -12. What is the units digit of q?
6